{"id":193,"date":"2024-05-16T09:30:57","date_gmt":"2024-05-16T07:30:57","guid":{"rendered":"http:\/\/anima-productions.com\/_clients\/bravoh\/?page_id=193"},"modified":"2024-06-18T18:39:53","modified_gmt":"2024-06-18T16:39:53","slug":"qui-sommes-nous","status":"publish","type":"page","link":"http:\/\/anima-productions.com\/_clients\/bravoh\/qui-sommes-nous\/","title":{"rendered":"Qui sommes-nous ?"},"content":{"rendered":"<div class=\"BR24_CONTENT_BLOCK BR24_CHAPEAU\"><p><strong>BRAVOH!<\/strong> est la marque culturelle de <a href=\"http:\/\/www.clissonsevremaine.fr\" target=\"_blank\" rel=\"noopener\">Clisson S\u00e8vre et Maine Agglo<\/a>. C&rsquo;est la promesse de moments d\u2019\u00e9tonnement, d\u2019\u00e9merveillement et de surprises partag\u00e9s. C\u2019est l\u2019engagement de proposer des spectacles pour tous, \u00e0 savourer entre amis ou en famille. C\u2019est enfin une programmation de proximit\u00e9 qui s\u2019installe dans les communes du territoire.<\/p>\n<\/div>\n\n<\/div> <!-- .BR24_TEXT_CONTAINER --><div class=\"BR24_CONTENT_BLOCK BR24_CONTENT_BLOCK_LARGE BR24_TEXTE_IMAGE  BR24_FLEX_REVERSED \"><div class=\"BR24_TI_VISUEL\"><img decoding=\"async\" src=\"http:\/\/anima-productions.com\/_clients\/bravoh\/wp-content\/uploads\/2024\/06\/Design-sans-titre-2024-06-12T143823.396.jpg\"  loading=\"lazy\"\/><\/div><div class=\"BR24_TI_TEXTE\"><div class=\"BR24_TI_TITRE\">Par ici la culture !<\/div><div class=\"BR24_TI_TEXTE_CONTENU\"><p>Clisson S\u00e8vre et Maine Agglo propose une offre culturelle de proximit\u00e9, qui s&rsquo;incarne dans :<br \/>\n&#8211; une <strong>programmation culturelle<\/strong> pour tous les go\u00fbts et pour tous les \u00e2ges, dans les 16 communes de l\u2019Agglo,<br \/>\n&#8211; des <strong>parcours d&rsquo;\u00e9ducation artistique et culturelle<\/strong> construits avec les \u00e9coles autour de ces spectacles,<br \/>\n&#8211; le <strong>soutien \u00e0 la cr\u00e9ation artistique<\/strong>,<br \/>\n&#8211; un r\u00e9seau intercommunal d&rsquo;<strong>\u00e9coles de musique<\/strong>,<br \/>\n&#8211; un <strong>projet culturel de territoire<\/strong> qui se d\u00e9ploie.<\/p>\n<\/div><\/div><\/div><div class=\"BR24_TEXT_CONTAINER\">\n\n\n<h2 class=\"wp-block-heading\" class=\"wp-block-heading\" id=\"projet-culturel-de-territoire\">Projet culturel de territoire<\/h2>\n\n\n\n<p>En 2021, Clisson S\u00e8vre et Maine Agglo a adopt\u00e9 son projet culturel de territoire (PCT), avec l&rsquo;objectif de dessiner une offre culturelle commune, accessible et \u00e9quilibr\u00e9e, autour de <strong>5 axes<\/strong> : <\/p>\n\n\n\n<ul class=\"wp-block-list\">\n<li>Garantir un <strong>acc\u00e8s \u00e0 la culture pour tous les habitants <\/strong>du territoire<br><em>Ex. d&rsquo;actions<\/em> : sensibilisation des jeunes aux arts et \u00e0 la culture via l&rsquo;\u00e9ducation artistique et culturelle, soutenir les projets artistiques itin\u00e9rants sur les communes, &#8230;<br><\/li>\n\n\n\n<li>Explorer et <strong>valoriser les originalit\u00e9s<\/strong> du territoire<br><em>Ex. d&rsquo;actions<\/em> : valorisation du patrimoine, programmation artistique et culturelle sur les sites touristiques majeurs, &#8230;<br><\/li>\n\n\n\n<li><strong>Structurer les forces vives<\/strong> pour le d\u00e9veloppement culturel du territoire<br><em>Ex. d&rsquo;actions<\/em> : mettre en r\u00e9seau les actions culturelles des communes, &#8230;<br><\/li>\n\n\n\n<li><strong>Faire de l\u2019art et la culture un vecteur de convivialit\u00e9<\/strong> et de lien entre les habitants<br><em>Ex. d&rsquo;actions<\/em> : inventer un \u00e9v\u00e8nement f\u00e9d\u00e9rateur, faciliter des projets culturels participatifs, \u00e9laborer des projets interg\u00e9n\u00e9rationnels, &#8230;<br><\/li>\n\n\n\n<li><strong>Lier culture et projets structurants<\/strong> du territoire<br><em>Ex. d&rsquo;actions<\/em> : associer les artistes \u00e0 la valorisation du projet de territoire, accompagner le <a href=\"https:\/\/environnement.clissonsevremaine.fr\/climat-et-energie\/le-plan-climat-air-energie-territorial\/un-pcaet-cest-quoi\" target=\"_blank\" rel=\"noreferrer noopener\">PCAET<\/a> par des actions artistiques, &#8230;<br><\/li>\n<\/ul>\n","protected":false},"excerpt":{"rendered":"<p>BRAVOH! est la marque culturelle de Clisson S\u00e8vre et Maine Agglo. C&rsquo;est la promesse de moments d\u2019\u00e9tonnement, d\u2019\u00e9merveillement et de surprises partag\u00e9s. C\u2019est l\u2019engagement de proposer des spectacles pour tous, \u00e0 savourer entre amis ou en famille. C\u2019est enfin une programmation de proximit\u00e9 qui s\u2019installe dans les communes du territoire. Projet culturel de territoire En&hellip; <a class=\"more-link\" href=\"http:\/\/anima-productions.com\/_clients\/bravoh\/qui-sommes-nous\/\">Continue reading <span class=\"screen-reader-text\">Qui sommes-nous ?<\/span><\/a><\/p>\n","protected":false},"author":1,"featured_media":0,"parent":0,"menu_order":0,"comment_status":"closed","ping_status":"closed","template":"","meta":{"_acf_changed":false,"footnotes":""},"class_list":["post-193","page","type-page","status-publish","hentry","entry"],"acf":[],"_links":{"self":[{"href":"http:\/\/anima-productions.com\/_clients\/bravoh\/wp-json\/wp\/v2\/pages\/193","targetHints":{"allow":["GET"]}}],"collection":[{"href":"http:\/\/anima-productions.com\/_clients\/bravoh\/wp-json\/wp\/v2\/pages"}],"about":[{"href":"http:\/\/anima-productions.com\/_clients\/bravoh\/wp-json\/wp\/v2\/types\/page"}],"author":[{"embeddable":true,"href":"http:\/\/anima-productions.com\/_clients\/bravoh\/wp-json\/wp\/v2\/users\/1"}],"replies":[{"embeddable":true,"href":"http:\/\/anima-productions.com\/_clients\/bravoh\/wp-json\/wp\/v2\/comments?post=193"}],"version-history":[{"count":26,"href":"http:\/\/anima-productions.com\/_clients\/bravoh\/wp-json\/wp\/v2\/pages\/193\/revisions"}],"predecessor-version":[{"id":764,"href":"http:\/\/anima-productions.com\/_clients\/bravoh\/wp-json\/wp\/v2\/pages\/193\/revisions\/764"}],"wp:attachment":[{"href":"http:\/\/anima-productions.com\/_clients\/bravoh\/wp-json\/wp\/v2\/media?parent=193"}],"curies":[{"name":"wp","href":"https:\/\/api.w.org\/{rel}","templated":true}]}}